{"id":234,"date":"2023-03-20T11:11:18","date_gmt":"2023-03-20T11:11:18","guid":{"rendered":"https:\/\/friendshipcustoms-msm.com\/?page_id=234"},"modified":"2023-03-20T11:26:46","modified_gmt":"2023-03-20T11:26:46","slug":"konsulence-doganore","status":"publish","type":"page","link":"https:\/\/friendshipcustoms-msm.com\/index.php\/konsulence-doganore\/","title":{"rendered":"Konsulence Doganore"},"content":{"rendered":"\t\t<div data-elementor-type=\"wp-page\" data-elementor-id=\"234\" class=\"elementor elementor-234\">\n\t\t\t\t\t\t\t\t\t<section class=\"elementor-section elementor-top-section elementor-element elementor-element-ca53f22 elementor-section-boxed elementor-section-height-default elementor-section-height-default\" data-id=\"ca53f22\" data-element_type=\"section\">\n\t\t\t\t\t\t<div class=\"elementor-container elementor-column-gap-default\">\n\t\t\t\t\t<div class=\"elementor-column elementor-col-50 elementor-top-column elementor-element elementor-element-b6ab593\" data-id=\"b6ab593\" data-element_type=\"column\">\n\t\t\t<div class=\"elementor-widget-wrap elementor-element-populated\">\n\t\t\t\t\t\t\t\t<div class=\"elementor-element elementor-element-22a03c2 elementor-widget elementor-widget-image\" data-id=\"22a03c2\" data-element_type=\"widget\" data-widget_type=\"image.default\">\n\t\t\t\t<div class=\"elementor-widget-container\">\n\t\t\t<style>\/*! elementor - v3.18.0 - 20-12-2023 *\/\n.elementor-widget-image{text-align:center}.elementor-widget-image a{display:inline-block}.elementor-widget-image a img[src$=\".svg\"]{width:48px}.elementor-widget-image img{vertical-align:middle;display:inline-block}<\/style>\t\t\t\t\t\t\t\t\t\t\t\t<img fetchpriority=\"high\" decoding=\"async\" width=\"300\" height=\"300\" src=\"https:\/\/friendshipcustoms-msm.com\/wp-content\/uploads\/2023\/03\/Untitled-design-29-300x300.png\" class=\"attachment-medium size-medium wp-image-236\" alt=\"\" srcset=\"https:\/\/friendshipcustoms-msm.com\/wp-content\/uploads\/2023\/03\/Untitled-design-29-300x300.png 300w, https:\/\/friendshipcustoms-msm.com\/wp-content\/uploads\/2023\/03\/Untitled-design-29-1024x1024.png 1024w, https:\/\/friendshipcustoms-msm.com\/wp-content\/uploads\/2023\/03\/Untitled-design-29-150x150.png 150w, https:\/\/friendshipcustoms-msm.com\/wp-content\/uploads\/2023\/03\/Untitled-design-29-768x768.png 768w, https:\/\/friendshipcustoms-msm.com\/wp-content\/uploads\/2023\/03\/Untitled-design-29.png 1080w\" sizes=\"(max-width: 300px) 100vw, 300px\" \/>\t\t\t\t\t\t\t\t\t\t\t\t\t\t\t<\/div>\n\t\t\t\t<\/div>\n\t\t\t\t\t<\/div>\n\t\t<\/div>\n\t\t\t\t<div class=\"elementor-column elementor-col-50 elementor-top-column elementor-element elementor-element-39fa3a8\" data-id=\"39fa3a8\" data-element_type=\"column\">\n\t\t\t<div class=\"elementor-widget-wrap elementor-element-populated\">\n\t\t\t\t\t\t\t\t<div class=\"elementor-element elementor-element-5adc019 elementor-widget elementor-widget-text-editor\" data-id=\"5adc019\" data-element_type=\"widget\" data-widget_type=\"text-editor.default\">\n\t\t\t\t<div class=\"elementor-widget-container\">\n\t\t\t<style>\/*! elementor - v3.18.0 - 20-12-2023 *\/\n.elementor-widget-text-editor.elementor-drop-cap-view-stacked .elementor-drop-cap{background-color:#69727d;color:#fff}.elementor-widget-text-editor.elementor-drop-cap-view-framed .elementor-drop-cap{color:#69727d;border:3px solid;background-color:transparent}.elementor-widget-text-editor:not(.elementor-drop-cap-view-default) .elementor-drop-cap{margin-top:8px}.elementor-widget-text-editor:not(.elementor-drop-cap-view-default) .elementor-drop-cap-letter{width:1em;height:1em}.elementor-widget-text-editor .elementor-drop-cap{float:left;text-align:center;line-height:1;font-size:50px}.elementor-widget-text-editor .elementor-drop-cap-letter{display:inline-block}<\/style>\t\t\t\t<p>Me p\u00ebrvoj\u00ebn ton\u00eb shum\u00ebvje\u00e7are n\u00eb t\u00eb gjitha fushat e logjistik\u00ebs, ne mund t&#8217;u ofrojm\u00eb klient\u00ebve tan\u00eb zgjidhje p\u00ebr t\u00eb gjitha problemet. Kjo vlen p\u00ebr kompanit\u00eb vendase q\u00eb k\u00ebrkojn\u00eb kontakte biznesi n\u00eb vende t\u00eb tjera europiane si dhe p\u00ebr kompani nga vende t\u00eb tjera europiane q\u00eb k\u00ebrkojn\u00eb mb\u00ebshtetje p\u00ebr aktivitetet e tyre n\u00eb Shqip\u00ebri. Kjo p\u00ebrfshin \u00e7\u00ebshtjet ligjore dhe trajtimin e rregulloreve dhe ligjeve lokale.<\/p>\t\t\t\t\t\t<\/div>\n\t\t\t\t<\/div>\n\t\t\t\t\t<\/div>\n\t\t<\/div>\n\t\t\t\t\t\t\t<\/div>\n\t\t<\/section>\n\t\t\t\t<section class=\"elementor-section elementor-top-section elementor-element elementor-element-a01d108 elementor-section-boxed elementor-section-height-default elementor-section-height-default\" data-id=\"a01d108\" data-element_type=\"section\">\n\t\t\t\t\t\t<div class=\"elementor-container elementor-column-gap-default\">\n\t\t\t\t\t<div class=\"elementor-column elementor-col-100 elementor-top-column elementor-element elementor-element-4fef4f1\" data-id=\"4fef4f1\" data-element_type=\"column\">\n\t\t\t<div class=\"elementor-widget-wrap elementor-element-populated\">\n\t\t\t\t\t\t\t\t<div class=\"elementor-element elementor-element-6f5806f elementor-widget elementor-widget-heading\" data-id=\"6f5806f\" data-element_type=\"widget\" data-widget_type=\"heading.default\">\n\t\t\t\t<div class=\"elementor-widget-container\">\n\t\t\t<style>\/*! elementor - v3.18.0 - 20-12-2023 *\/\n.elementor-heading-title{padding:0;margin:0;line-height:1}.elementor-widget-heading .elementor-heading-title[class*=elementor-size-]>a{color:inherit;font-size:inherit;line-height:inherit}.elementor-widget-heading .elementor-heading-title.elementor-size-small{font-size:15px}.elementor-widget-heading .elementor-heading-title.elementor-size-medium{font-size:19px}.elementor-widget-heading .elementor-heading-title.elementor-size-large{font-size:29px}.elementor-widget-heading .elementor-heading-title.elementor-size-xl{font-size:39px}.elementor-widget-heading .elementor-heading-title.elementor-size-xxl{font-size:59px}<\/style><h2 class=\"elementor-heading-title elementor-size-default\">Ekspertiz\u00eb<\/h2>\t\t<\/div>\n\t\t\t\t<\/div>\n\t\t\t\t<div class=\"elementor-element elementor-element-63d47b1 elementor-widget elementor-widget-text-editor\" data-id=\"63d47b1\" data-element_type=\"widget\" data-widget_type=\"text-editor.default\">\n\t\t\t\t<div class=\"elementor-widget-container\">\n\t\t\t\t\t\t\t<p class=\"has-text-color\">Legjislacioni doganor &amp; akciz\u00ebs \u00ebsht\u00eb kompleks dhe k\u00ebrkon njohuri specifike p\u00ebr ta kuptuar dhe interpretuar. Ne kemi kapacitetet dhe njohurit\u00eb e duhura mbi legjislacionin nd\u00ebrkomb\u00ebtar, Shqiptar dhe t\u00eb Bashkimit Europian, n\u00eb fush\u00ebn doganore &amp; akciz\u00ebs, dhe n\u00eb fushat e tjera q\u00eb lidhen me tregtin\u00eb nd\u00ebrkomb\u00ebtare t\u00eb mallrave si TVSH, Taksat Komb\u00ebtare etj.<\/p>\t\t\t\t\t\t<\/div>\n\t\t\t\t<\/div>\n\t\t\t\t\t<\/div>\n\t\t<\/div>\n\t\t\t\t\t\t\t<\/div>\n\t\t<\/section>\n\t\t\t\t<section class=\"elementor-section elementor-top-section elementor-element elementor-element-d5fad6a elementor-section-boxed elementor-section-height-default elementor-section-height-default\" data-id=\"d5fad6a\" data-element_type=\"section\">\n\t\t\t\t\t\t<div class=\"elementor-container elementor-column-gap-default\">\n\t\t\t\t\t<div class=\"elementor-column elementor-col-100 elementor-top-column elementor-element elementor-element-0ce82f7\" data-id=\"0ce82f7\" data-element_type=\"column\">\n\t\t\t<div class=\"elementor-widget-wrap elementor-element-populated\">\n\t\t\t\t\t\t\t\t<div class=\"elementor-element elementor-element-a26d203 elementor-widget elementor-widget-heading\" data-id=\"a26d203\" data-element_type=\"widget\" data-widget_type=\"heading.default\">\n\t\t\t\t<div class=\"elementor-widget-container\">\n\t\t\t<h2 class=\"elementor-heading-title elementor-size-default\">K\u00ebshillim<\/h2>\t\t<\/div>\n\t\t\t\t<\/div>\n\t\t\t\t<div class=\"elementor-element elementor-element-029b5ff elementor-widget elementor-widget-text-editor\" data-id=\"029b5ff\" data-element_type=\"widget\" data-widget_type=\"text-editor.default\">\n\t\t\t\t<div class=\"elementor-widget-container\">\n\t\t\t\t\t\t\t<p class=\"has-text-color\">Aft\u00ebsit\u00eb profesionale dhe eksperienca e pun\u00ebs me kompani vendase dhe nd\u00ebrkomb\u00ebtare q\u00eb operojn\u00eb n\u00eb sektor\u00eb t\u00eb ndrysh\u00ebm na mund\u00ebsojn\u00eb t\u00eb ofrojm\u00eb udh\u00ebzime dhe rekomandime t\u00eb kualifikuara, t\u00eb personalizuara, t\u00eb cil\u00ebsis\u00eb s\u00eb lart\u00eb, bazuar n\u00eb praktikat m\u00eb t\u00eb mira. Sh\u00ebrbimet tona k\u00ebshillimore mbulojn\u00eb t\u00eb gjith\u00eb fushat e legjislacionit doganor &amp; akciz\u00ebs, dhe fushat e tjera q\u00eb lidhen me tregtin\u00eb nd\u00ebrkomb\u00ebtare t\u00eb mallrave.<\/p>\t\t\t\t\t\t<\/div>\n\t\t\t\t<\/div>\n\t\t\t\t\t<\/div>\n\t\t<\/div>\n\t\t\t\t\t\t\t<\/div>\n\t\t<\/section>\n\t\t\t\t<section class=\"elementor-section elementor-top-section elementor-element elementor-element-573a108 elementor-section-boxed elementor-section-height-default elementor-section-height-default\" data-id=\"573a108\" data-element_type=\"section\">\n\t\t\t\t\t\t<div class=\"elementor-container elementor-column-gap-default\">\n\t\t\t\t\t<div class=\"elementor-column elementor-col-100 elementor-top-column elementor-element elementor-element-7c06148\" data-id=\"7c06148\" data-element_type=\"column\">\n\t\t\t<div class=\"elementor-widget-wrap elementor-element-populated\">\n\t\t\t\t\t\t\t\t<div class=\"elementor-element elementor-element-75fb907 elementor-widget elementor-widget-heading\" data-id=\"75fb907\" data-element_type=\"widget\" data-widget_type=\"heading.default\">\n\t\t\t\t<div class=\"elementor-widget-container\">\n\t\t\t<h2 class=\"elementor-heading-title elementor-size-default\">Asistenc\u00eb<\/h2>\t\t<\/div>\n\t\t\t\t<\/div>\n\t\t\t\t<div class=\"elementor-element elementor-element-3479bb3 elementor-widget elementor-widget-text-editor\" data-id=\"3479bb3\" data-element_type=\"widget\" data-widget_type=\"text-editor.default\">\n\t\t\t\t<div class=\"elementor-widget-container\">\n\t\t\t\t\t\t\t<p class=\"has-text-color\">Jemi t\u00eb gatsh\u00ebm dhe kemi kapacitete p\u00ebr t\u00eb ndihmuar dhe suportuar Klient\u00ebt tan\u00eb, me q\u00ebllim mbrojtjen e interesit t\u00eb tyre. Ndihmojm\u00eb dhe suportojm\u00eb stafin e Klient\u00ebve tan\u00eb ose kryejm\u00eb p\u00ebr llogari t\u00eb Klient\u00ebve tan\u00eb procedura, formalitete, k\u00ebrkesa dhe apelime, ballafaqohemi me autoritetet doganore apo tatimore, n\u00eb m\u00ebnyr\u00eb q\u00eb stafi t\u00eb fokusohet n\u00eb biznes pa shpenzuar koh\u00eb p\u00ebr \u00e7\u00ebshtje administrative t\u00eb komplikuara dhe p\u00ebr realizimin e s\u00eb cilave mund t\u00eb mos ket\u00eb kapacitetet e nevojshme.<\/p>\t\t\t\t\t\t<\/div>\n\t\t\t\t<\/div>\n\t\t\t\t\t<\/div>\n\t\t<\/div>\n\t\t\t\t\t\t\t<\/div>\n\t\t<\/section>\n\t\t\t\t<section class=\"elementor-section elementor-top-section elementor-element elementor-element-48d2239 elementor-section-boxed elementor-section-height-default elementor-section-height-default\" data-id=\"48d2239\" data-element_type=\"section\">\n\t\t\t\t\t\t<div class=\"elementor-container elementor-column-gap-default\">\n\t\t\t\t\t<div class=\"elementor-column elementor-col-33 elementor-top-column elementor-element elementor-element-a318984\" data-id=\"a318984\" data-element_type=\"column\">\n\t\t\t<div class=\"elementor-widget-wrap elementor-element-populated\">\n\t\t\t\t\t\t\t\t<div class=\"elementor-element elementor-element-37d55f7 elementor-widget elementor-widget-image\" data-id=\"37d55f7\" data-element_type=\"widget\" data-widget_type=\"image.default\">\n\t\t\t\t<div class=\"elementor-widget-container\">\n\t\t\t\t\t\t\t\t\t\t\t\t\t\t\t<img decoding=\"async\" width=\"900\" height=\"900\" src=\"https:\/\/friendshipcustoms-msm.com\/wp-content\/uploads\/2023\/03\/Untitled-design-30.png\" class=\"attachment-large size-large wp-image-244\" alt=\"\" srcset=\"https:\/\/friendshipcustoms-msm.com\/wp-content\/uploads\/2023\/03\/Untitled-design-30.png 900w, https:\/\/friendshipcustoms-msm.com\/wp-content\/uploads\/2023\/03\/Untitled-design-30-300x300.png 300w, https:\/\/friendshipcustoms-msm.com\/wp-content\/uploads\/2023\/03\/Untitled-design-30-150x150.png 150w, https:\/\/friendshipcustoms-msm.com\/wp-content\/uploads\/2023\/03\/Untitled-design-30-768x768.png 768w\" sizes=\"(max-width: 900px) 100vw, 900px\" \/>\t\t\t\t\t\t\t\t\t\t\t\t\t\t\t<\/div>\n\t\t\t\t<\/div>\n\t\t\t\t\t<\/div>\n\t\t<\/div>\n\t\t\t\t<div class=\"elementor-column elementor-col-33 elementor-top-column elementor-element elementor-element-d76db3f\" data-id=\"d76db3f\" data-element_type=\"column\">\n\t\t\t<div class=\"elementor-widget-wrap elementor-element-populated\">\n\t\t\t\t\t\t\t\t<div class=\"elementor-element elementor-element-1782f19 elementor-widget elementor-widget-image\" data-id=\"1782f19\" data-element_type=\"widget\" data-widget_type=\"image.default\">\n\t\t\t\t<div class=\"elementor-widget-container\">\n\t\t\t\t\t\t\t\t\t\t\t\t\t\t\t<img decoding=\"async\" width=\"900\" height=\"900\" src=\"https:\/\/friendshipcustoms-msm.com\/wp-content\/uploads\/2023\/03\/Untitled-design-31.png\" class=\"attachment-large size-large wp-image-246\" alt=\"\" srcset=\"https:\/\/friendshipcustoms-msm.com\/wp-content\/uploads\/2023\/03\/Untitled-design-31.png 900w, https:\/\/friendshipcustoms-msm.com\/wp-content\/uploads\/2023\/03\/Untitled-design-31-300x300.png 300w, https:\/\/friendshipcustoms-msm.com\/wp-content\/uploads\/2023\/03\/Untitled-design-31-150x150.png 150w, https:\/\/friendshipcustoms-msm.com\/wp-content\/uploads\/2023\/03\/Untitled-design-31-768x768.png 768w\" sizes=\"(max-width: 900px) 100vw, 900px\" \/>\t\t\t\t\t\t\t\t\t\t\t\t\t\t\t<\/div>\n\t\t\t\t<\/div>\n\t\t\t\t\t<\/div>\n\t\t<\/div>\n\t\t\t\t<div class=\"elementor-column elementor-col-33 elementor-top-column elementor-element elementor-element-67c6dff\" data-id=\"67c6dff\" data-element_type=\"column\">\n\t\t\t<div class=\"elementor-widget-wrap elementor-element-populated\">\n\t\t\t\t\t\t\t\t<div class=\"elementor-element elementor-element-d26adb8 elementor-widget elementor-widget-image\" data-id=\"d26adb8\" data-element_type=\"widget\" data-widget_type=\"image.default\">\n\t\t\t\t<div class=\"elementor-widget-container\">\n\t\t\t\t\t\t\t\t\t\t\t\t\t\t\t<img loading=\"lazy\" decoding=\"async\" width=\"900\" height=\"900\" src=\"https:\/\/friendshipcustoms-msm.com\/wp-content\/uploads\/2023\/03\/Untitled-design-32.png\" class=\"attachment-large size-large wp-image-247\" alt=\"\" srcset=\"https:\/\/friendshipcustoms-msm.com\/wp-content\/uploads\/2023\/03\/Untitled-design-32.png 900w, https:\/\/friendshipcustoms-msm.com\/wp-content\/uploads\/2023\/03\/Untitled-design-32-300x300.png 300w, https:\/\/friendshipcustoms-msm.com\/wp-content\/uploads\/2023\/03\/Untitled-design-32-150x150.png 150w, https:\/\/friendshipcustoms-msm.com\/wp-content\/uploads\/2023\/03\/Untitled-design-32-768x768.png 768w\" sizes=\"(max-width: 900px) 100vw, 900px\" \/>\t\t\t\t\t\t\t\t\t\t\t\t\t\t\t<\/div>\n\t\t\t\t<\/div>\n\t\t\t\t\t<\/div>\n\t\t<\/div>\n\t\t\t\t\t\t\t<\/div>\n\t\t<\/section>\n\t\t\t\t<section class=\"elementor-section elementor-top-section elementor-element elementor-element-d0d0661 elementor-section-boxed elementor-section-height-default elementor-section-height-default\" data-id=\"d0d0661\" data-element_type=\"section\">\n\t\t\t\t\t\t<div class=\"elementor-container elementor-column-gap-default\">\n\t\t\t\t\t<div class=\"elementor-column elementor-col-100 elementor-top-column elementor-element elementor-element-5999224\" data-id=\"5999224\" data-element_type=\"column\">\n\t\t\t<div class=\"elementor-widget-wrap elementor-element-populated\">\n\t\t\t\t\t\t\t\t<div class=\"elementor-element elementor-element-7984efc elementor-widget-divider--view-line elementor-widget elementor-widget-divider\" data-id=\"7984efc\" data-element_type=\"widget\" data-widget_type=\"divider.default\">\n\t\t\t\t<div class=\"elementor-widget-container\">\n\t\t\t<style>\/*! elementor - v3.18.0 - 20-12-2023 *\/\n.elementor-widget-divider{--divider-border-style:none;--divider-border-width:1px;--divider-color:#0c0d0e;--divider-icon-size:20px;--divider-element-spacing:10px;--divider-pattern-height:24px;--divider-pattern-size:20px;--divider-pattern-url:none;--divider-pattern-repeat:repeat-x}.elementor-widget-divider .elementor-divider{display:flex}.elementor-widget-divider .elementor-divider__text{font-size:15px;line-height:1;max-width:95%}.elementor-widget-divider .elementor-divider__element{margin:0 var(--divider-element-spacing);flex-shrink:0}.elementor-widget-divider .elementor-icon{font-size:var(--divider-icon-size)}.elementor-widget-divider .elementor-divider-separator{display:flex;margin:0;direction:ltr}.elementor-widget-divider--view-line_icon .elementor-divider-separator,.elementor-widget-divider--view-line_text .elementor-divider-separator{align-items:center}.elementor-widget-divider--view-line_icon .elementor-divider-separator:after,.elementor-widget-divider--view-line_icon .elementor-divider-separator:before,.elementor-widget-divider--view-line_text .elementor-divider-separator:after,.elementor-widget-divider--view-line_text .elementor-divider-separator:before{display:block;content:\"\";border-bottom:0;flex-grow:1;border-top:var(--divider-border-width) var(--divider-border-style) var(--divider-color)}.elementor-widget-divider--element-align-left .elementor-divider .elementor-divider-separator>.elementor-divider__svg:first-of-type{flex-grow:0;flex-shrink:100}.elementor-widget-divider--element-align-left .elementor-divider-separator:before{content:none}.elementor-widget-divider--element-align-left .elementor-divider__element{margin-left:0}.elementor-widget-divider--element-align-right .elementor-divider .elementor-divider-separator>.elementor-divider__svg:last-of-type{flex-grow:0;flex-shrink:100}.elementor-widget-divider--element-align-right .elementor-divider-separator:after{content:none}.elementor-widget-divider--element-align-right .elementor-divider__element{margin-right:0}.elementor-widget-divider:not(.elementor-widget-divider--view-line_text):not(.elementor-widget-divider--view-line_icon) .elementor-divider-separator{border-top:var(--divider-border-width) var(--divider-border-style) var(--divider-color)}.elementor-widget-divider--separator-type-pattern{--divider-border-style:none}.elementor-widget-divider--separator-type-pattern.elementor-widget-divider--view-line .elementor-divider-separator,.elementor-widget-divider--separator-type-pattern:not(.elementor-widget-divider--view-line) .elementor-divider-separator:after,.elementor-widget-divider--separator-type-pattern:not(.elementor-widget-divider--view-line) .elementor-divider-separator:before,.elementor-widget-divider--separator-type-pattern:not([class*=elementor-widget-divider--view]) .elementor-divider-separator{width:100%;min-height:var(--divider-pattern-height);-webkit-mask-size:var(--divider-pattern-size) 100%;mask-size:var(--divider-pattern-size) 100%;-webkit-mask-repeat:var(--divider-pattern-repeat);mask-repeat:var(--divider-pattern-repeat);background-color:var(--divider-color);-webkit-mask-image:var(--divider-pattern-url);mask-image:var(--divider-pattern-url)}.elementor-widget-divider--no-spacing{--divider-pattern-size:auto}.elementor-widget-divider--bg-round{--divider-pattern-repeat:round}.rtl .elementor-widget-divider .elementor-divider__text{direction:rtl}.e-con-inner>.elementor-widget-divider,.e-con>.elementor-widget-divider{width:var(--container-widget-width,100%);--flex-grow:var(--container-widget-flex-grow)}<\/style>\t\t<div class=\"elementor-divider\">\n\t\t\t<span class=\"elementor-divider-separator\">\n\t\t\t\t\t\t<\/span>\n\t\t<\/div>\n\t\t\t\t<\/div>\n\t\t\t\t<\/div>\n\t\t\t\t\t<\/div>\n\t\t<\/div>\n\t\t\t\t\t\t\t<\/div>\n\t\t<\/section>\n\t\t\t\t<section class=\"elementor-section elementor-top-section elementor-element elementor-element-5f8c1dc elementor-section-boxed elementor-section-height-default elementor-section-height-default\" data-id=\"5f8c1dc\" data-element_type=\"section\">\n\t\t\t\t\t\t<div class=\"elementor-container elementor-column-gap-default\">\n\t\t\t\t\t<div class=\"elementor-column elementor-col-50 elementor-top-column elementor-element elementor-element-946f882\" data-id=\"946f882\" data-element_type=\"column\">\n\t\t\t<div class=\"elementor-widget-wrap elementor-element-populated\">\n\t\t\t\t\t\t\t\t<div class=\"elementor-element elementor-element-ddc59e7 elementor-widget elementor-widget-text-editor\" data-id=\"ddc59e7\" data-element_type=\"widget\" data-widget_type=\"text-editor.default\">\n\t\t\t\t<div class=\"elementor-widget-container\">\n\t\t\t\t\t\t\t<p>\u00a0 \u00a0 \u00a0 \u00a0 \u00a0 \u00a0 \u00a0 \u00a0<\/p><p>\u00a0 \u00a0 \u00a0 \u00a0 \u00a0KONTAKT\u00a0<\/p><p>\u00a0 \u00a0 admin@msmcustom.com<\/p><p>\u00a0 \u00a0 +355 694055601<\/p><p>\u00a0 \u00a0 \u00a0+355 682073521<\/p><p>\u00a0 \u00a0 \u00a0Zyra Qendrore, Terminali Doganor i Tiranes<\/p>\t\t\t\t\t\t<\/div>\n\t\t\t\t<\/div>\n\t\t\t\t\t<\/div>\n\t\t<\/div>\n\t\t\t\t<div class=\"elementor-column elementor-col-50 elementor-top-column elementor-element elementor-element-9aaea7c\" data-id=\"9aaea7c\" data-element_type=\"column\">\n\t\t\t<div class=\"elementor-widget-wrap elementor-element-populated\">\n\t\t\t\t\t\t\t\t<div class=\"elementor-element elementor-element-b1eb8ed elementor-widget elementor-widget-google_maps\" data-id=\"b1eb8ed\" data-element_type=\"widget\" data-widget_type=\"google_maps.default\">\n\t\t\t\t<div class=\"elementor-widget-container\">\n\t\t\t<style>\/*! elementor - v3.18.0 - 20-12-2023 *\/\n.elementor-widget-google_maps .elementor-widget-container{overflow:hidden}.elementor-widget-google_maps .elementor-custom-embed{line-height:0}.elementor-widget-google_maps iframe{height:300px}<\/style>\t\t<div class=\"elementor-custom-embed\">\n\t\t\t<iframe loading=\"lazy\"\n\t\t\t\t\tsrc=\"https:\/\/maps.google.com\/maps?q=Zyra%20Qendrore%20Terminali%20Doganor%20Vore&#038;t=m&#038;z=10&#038;output=embed&#038;iwloc=near\"\n\t\t\t\t\ttitle=\"Zyra Qendrore Terminali Doganor Vore\"\n\t\t\t\t\taria-label=\"Zyra Qendrore Terminali Doganor Vore\"\n\t\t\t><\/iframe>\n\t\t<\/div>\n\t\t\t\t<\/div>\n\t\t\t\t<\/div>\n\t\t\t\t\t<\/div>\n\t\t<\/div>\n\t\t\t\t\t\t\t<\/div>\n\t\t<\/section>\n\t\t\t\t\t\t\t<\/div>\n\t\t","protected":false},"excerpt":{"rendered":"<p>Me p\u00ebrvoj\u00ebn ton\u00eb shum\u00ebvje\u00e7are n\u00eb t\u00eb gjitha fushat e logjistik\u00ebs, ne mund t&#8217;u ofrojm\u00eb klient\u00ebve tan\u00eb zgjidhje p\u00ebr t\u00eb gjitha problemet. Kjo vlen p\u00ebr kompanit\u00eb vendase q\u00eb k\u00ebrkojn\u00eb kontakte biznesi n\u00eb vende t\u00eb tjera europiane si dhe p\u00ebr kompani nga vende t\u00eb tjera europiane q\u00eb k\u00ebrkojn\u00eb mb\u00ebshtetje p\u00ebr aktivitetet e tyre n\u00eb Shqip\u00ebri. Kjo p\u00ebrfshin [&hellip;]<\/p>\n","protected":false},"author":1,"featured_media":0,"parent":0,"menu_order":0,"comment_status":"closed","ping_status":"closed","template":"","meta":[],"_links":{"self":[{"href":"https:\/\/friendshipcustoms-msm.com\/index.php\/wp-json\/wp\/v2\/pages\/234"}],"collection":[{"href":"https:\/\/friendshipcustoms-msm.com\/index.php\/wp-json\/wp\/v2\/pages"}],"about":[{"href":"https:\/\/friendshipcustoms-msm.com\/index.php\/wp-json\/wp\/v2\/types\/page"}],"author":[{"embeddable":true,"href":"https:\/\/friendshipcustoms-msm.com\/index.php\/wp-json\/wp\/v2\/users\/1"}],"replies":[{"embeddable":true,"href":"https:\/\/friendshipcustoms-msm.com\/index.php\/wp-json\/wp\/v2\/comments?post=234"}],"version-history":[{"count":10,"href":"https:\/\/friendshipcustoms-msm.com\/index.php\/wp-json\/wp\/v2\/pages\/234\/revisions"}],"predecessor-version":[{"id":250,"href":"https:\/\/friendshipcustoms-msm.com\/index.php\/wp-json\/wp\/v2\/pages\/234\/revisions\/250"}],"wp:attachment":[{"href":"https:\/\/friendshipcustoms-msm.com\/index.php\/wp-json\/wp\/v2\/media?parent=234"}],"curies":[{"name":"wp","href":"https:\/\/api.w.org\/{rel}","templated":true}]}}